te the highest common factor of 52 and 2132.
52
Calculate the greatest common factor of 4 and 2372.
4
Calculate the greatest common factor of 304 and 570.
38
What is the highest common divisor of 132 and 10692?
132
What is the greatest common divisor of 65 and 2195?
5
Calculate the highest common divisor of 22 and 8954.
22
What is the highest common divisor of 128 and 216?
8
Calculate the highest common divisor of 110 and 44.
22
What is the greatest common factor of 480 and 384?
96
What is the greatest common factor of 1 and 422?
1
What is the highest common divisor of 48 and 688?
16
What is the greatest common divisor of 72 and 198?
18
Calculate the highest common divisor of 341 and 62.
31
What is the highest common divisor of 23 and 69?
23
Calculate the highest common divisor of 3819 and 171.
57
What is the highest common divisor of 902 and 110?
22
Calculate the highest common factor of 1608 and 24.
24
Calculate the greatest common factor of 6812 and 104.
52
What is the greatest common factor of 21 and 3?
3
What is the highest common factor of 38 and 418?
38
What is the highest common divisor of 156 and 39?
39
Calculate the greatest common divisor of 75 and 60.
15
What is the greatest common factor of 39 and 403?
13
Calculate the greatest common divisor of 913 and 747.
83
What is the highest common factor of 196 and 21?
7
What is the highest common factor of 22058 and 82?
82
What is the greatest common divisor of 14 and 329?
7
What is the highest common divisor of 25493 and 185?
37
Calculate the greatest common divisor of 62 and 22630.
62
What is the greatest common factor of 784 and 35?
7
What is the highest common factor of 39 and 221?
13
What is the highest common divisor of 32 and 13024?
32
Calculate the highest common factor of 363 and 27346.
121
Calculate the highest common divisor of 20 and 4220.
20
Calculate the highest common factor of 5892 and 24.
12
What is the highest common divisor of 770 and 4389?
77
Calculate the greatest common divisor of 1024 and 64.
64
What is the greatest common factor of 558 and 62?
62
What is the greatest common factor of 1716 and 660?
132
Calculate the highest common divisor of 44 and 4532.
44
What is the highest common factor of 11648 and 26?
26
Calculate the highest common factor of 28 and 5530.
14
Calculate the highest common factor of 130 and 60.
10
What is the greatest common divisor of 65 and 208?
13
Calculate the highest common divisor of 88 and 128.
8
What is the highest common divisor of 184 and 152?
8
Calculate the highest common divisor of 16 and 12.
4
Calculate the greatest common divisor of 21 and 5019.
21
What is the highest common factor of 22 and 187?
11
Calculate the greatest common factor of 52 and 52.
52
What is the highest common factor of 2863 and 35?
7
Calculate the highest common factor of 12588 and 12.
12
What is the greatest common divisor of 66 and 4?
2
What is the highest common factor of 80 and 980?
20
What is the highest common factor of 237 and 9?
3
Calculate the greatest common factor of 50 and 1975.
25
What is the highest common divisor of 17 and 2176?
17
Calculate the highest common divisor of 179 and 8771.
179
What is the greatest common divisor of 1557 and 117?
9
Calculate the highest common divisor of 594 and 418.
22
Calculate the highest common factor of 259 and 222.
37
Calculate the greatest common factor of 605 and 55.
55
Calculate the greatest common factor of 456 and 6.
6
Calculate the greatest common divisor of 6784 and 256.
128
What is the highest common divisor of 58 and 319?
29
Calculate the greatest common divisor of 1 and 41.
1
Calculate the greatest common factor of 741 and 78.
39
Calculate the greatest common divisor of 30015 and 115.
115
What is the highest common divisor of 94 and 376?
94
Calculate the highest common divisor of 56 and 147.
7
What is the greatest common divisor of 73 and 73?
73
Calculate the greatest common factor of 45 and 4155.
15
Calculate the highest common divisor of 49 and 3136.
49
What is the greatest common factor of 93 and 2635?
31
Calculate the greatest common factor of 9 and 450.
9
What is the highest common factor of 888 and 1554?
222
Calculate the highest common factor of 184 and 69.
23
What is the greatest common factor of 8138 and 39?
13
Calculate the highest common factor of 2144 and 335.
67
What is the highest common factor of 336 and 777?
21
What is the highest common factor of 224 and 4064?
32
Calculate the greatest common factor of 4 and 346.
2
What is the greatest common divisor of 69 and 828?
69
Calculate the highest common factor of 4018 and 28.
14
What is the greatest common divisor of 48 and 474?
6
What is the highest common divisor of 56 and 37688?
56
What is the highest common divisor of 508 and 21590?
254
Calculate the highest common factor of 19 and 247.
19
What is the highest common factor of 756 and 3?
3
Calculate the greatest common factor of 13373 and 129.
43
Calculate the greatest common factor of 6675 and 623.
89
What is the highest common divisor of 246 and 6?
6
What is the greatest common divisor of 57 and 10887?
57
Calculate the highest common factor of 64 and 91712.
64
What is the greatest common factor of 160 and 1060?
20
What is the highest common divisor of 52 and 10322?
26
Calculate the highest common divisor of 3111 and 2013.
183
Calculate the highest common factor of 3015 and 1215.
45
What is the highest common divisor of 9 and 3807?
9
What is the greatest common factor of 34 and 731?
17
Calculate the greatest common factor of 10 and 130.
10
What is the greatest common factor of 1292 and 228?
76
What is the greatest common factor of 63 and 336?
21
Calculate the highest common factor of 92 and 4.
4
Calculate the highest common divisor of 6179 and 37.
37
Calculate the highest common divisor of 2779 and 49.
7
Calculate the highest common divisor of 104 and 6536.
8
What is the greatest common factor of 670 and 2?
2
Calculate the highest common factor of 22 and 55.
11
Calculate the highest common divisor of 218 and 2.
2
What is the greatest common factor of 954 and 36?
18
Calculate the greatest common factor of 650 and 225.
25
What is the highest common factor of 235 and 10?
5
Calculate the highest common factor of 2204 and 1566.
58
What is the greatest common divisor of 99 and 649?
11
Calculate the highest common factor of 224 and 133.
7
Calculate the highest common factor of 3256 and 132.
44
What is the greatest common divisor of 1469 and 26?
13
Calculate the highest common factor of 74 and 814.
74
What is the greatest common factor of 111 and 37?
37
Calculate the highest common factor of 3 and 5931.
3
What is the greatest common factor of 12 and 54?
6
Calculate the greatest common divisor of 5 and 395.
5
What is the greatest common factor of 208 and 52?
52
Calculate the highest common factor of 20224 and 158.
158
Calculate the highest common divisor of 315 and 35.
35
What is the highest common factor of 1 and 13?
1
What is the greatest common divisor of 455 and 104?
13
Calculate the highest common factor of 11 and 957.
11
What is the highest common divisor of 414 and 552?
138
What is the highest common divisor of 14 and 1344?
14
Calculate the greatest common factor of 28 and 308.
28
Calculate the highest common divisor of 40 and 220.
20
What is the highest common divisor of 1215 and 6318?
243
Calculate the highest common factor of 135 and 33.
3
What is the highest common factor of 14333 and 11?
11
Calculate the greatest common factor of 30 and 24.
6
What is the highest common factor of 28 and 56?
28
What is the greatest common divisor of 21 and 192?
3
Calculate the greatest common divisor of 184 and 16.
8
Calculate the greatest common divisor of 91 and 728.
91
What is the greatest common divisor of 208 and 6968?
104
Calculate the highest common divisor of 600 and 45.
15
What is the greatest common divisor of 84 and 1155?
21
Calculate the highest common factor of 546 and 2496.
78
Calculate the highest common factor of 858 and 88.
22
What is the highest common factor of 46433 and 59?
59
What is the highest common factor of 18 and 288?
18
Calculate the greatest common divisor of 999 and 296.
37
What is the greatest common divisor of 68 and 4?
4
What is the greatest common factor of 114 and 6?
